{"id":1511,"date":"2020-10-30T07:11:06","date_gmt":"2020-10-30T07:11:06","guid":{"rendered":"https:\/\/ctlesbarizaculos.com\/WordPress\/?post_type=product&#038;p=1511"},"modified":"2024-11-08T12:05:59","modified_gmt":"2024-11-08T12:05:59","slug":"juego-de-busqueda-el-tridente-de-triton","status":"publish","type":"product","link":"https:\/\/ctlesbarizaculos.com\/WordPress\/producto\/juego-de-busqueda-el-tridente-de-triton\/","title":{"rendered":"JUEGO DE B\u00daSQUEDA \u00abEl tridente de Trit\u00f3n\u00bb"},"content":{"rendered":"<p><span dir=\"auto\">\u00darsula quiere el tridente de su hermano Trit\u00f3n para dominar todos los mares, pero en la \u00faltima pelea se rompi\u00f3 en pedazos, tendremos que encontrarlos para poder reconstruirlo.<\/span><\/p>\n<p>De 1 a 6 jugadores\/as<\/p>\n","protected":false},"excerpt":{"rendered":"<p>\u00darsula quiere el tridente de su hermano Trit\u00f3n para dominar todos los mares, pero en la \u00faltima pelea se rompi\u00f3 en pedazos, tendremos que encontrarlos para poder reconstruirlo. De 1 a 6 jugadores\/as<\/p>\n","protected":false},"featured_media":1491,"comment_status":"open","ping_status":"closed","template":"","meta":[],"product_brand":[],"product_cat":[31],"product_tag":[],"class_list":{"0":"post-1511","1":"product","2":"type-product","3":"status-publish","4":"has-post-thumbnail","6":"product_cat-ursula","8":"first","9":"outofstock","10":"virtual","11":"purchasable","12":"product-type-simple"},"jetpack_sharing_enabled":true,"_links":{"self":[{"href":"https:\/\/ctlesbarizaculos.com\/WordPress\/wp-json\/wp\/v2\/product\/1511","targetHints":{"allow":["GET"]}}],"collection":[{"href":"https:\/\/ctlesbarizaculos.com\/WordPress\/wp-json\/wp\/v2\/product"}],"about":[{"href":"https:\/\/ctlesbarizaculos.com\/WordPress\/wp-json\/wp\/v2\/types\/product"}],"replies":[{"embeddable":true,"href":"https:\/\/ctlesbarizaculos.com\/WordPress\/wp-json\/wp\/v2\/comments?post=1511"}],"wp:featuredmedia":[{"embeddable":true,"href":"https:\/\/ctlesbarizaculos.com\/WordPress\/wp-json\/wp\/v2\/media\/1491"}],"wp:attachment":[{"href":"https:\/\/ctlesbarizaculos.com\/WordPress\/wp-json\/wp\/v2\/media?parent=1511"}],"wp:term":[{"taxonomy":"product_brand","embeddable":true,"href":"https:\/\/ctlesbarizaculos.com\/WordPress\/wp-json\/wp\/v2\/product_brand?post=1511"},{"taxonomy":"product_cat","embeddable":true,"href":"https:\/\/ctlesbarizaculos.com\/WordPress\/wp-json\/wp\/v2\/product_cat?post=1511"},{"taxonomy":"product_tag","embeddable":true,"href":"https:\/\/ctlesbarizaculos.com\/WordPress\/wp-json\/wp\/v2\/product_tag?post=1511"}],"curies":[{"name":"wp","href":"https:\/\/api.w.org\/{rel}","templated":true}]}}